{"id":36,"date":"2024-09-10T12:53:21","date_gmt":"2024-09-10T12:53:21","guid":{"rendered":"https:\/\/ferienwohnung-hafeninsel-stralsund-de.arkm.online\/?page_id=36"},"modified":"2025-02-25T09:01:27","modified_gmt":"2025-02-25T08:01:27","slug":"anfahrt-und-lage","status":"publish","type":"page","link":"https:\/\/www.ferienwohnung-hafeninsel-stralsund.de\/index.php\/anfahrt-und-lage\/","title":{"rendered":"Anfahrt und Lage"},"content":{"rendered":"<div id='full_slider_1'  class='avia-fullwidth-slider main_color avia-shadow   avia-builder-el-0  el_before_av_layout_row  avia-builder-el-first   container_wrap sidebar_right'  ><div  class='avia-slideshow av-jgxlc-393b6b0d914f00534be0db27f092082c avia-slideshow-featured av_slideshow_full avia-slide-slider av-slideshow-ui av-control-default av-slideshow-autoplay av-loop-endless av-loop-manual-endless av-default-height-applied   avia-slideshow-1' data-slideshow-options=\"{&quot;animation&quot;:&quot;slide&quot;,&quot;autoplay&quot;:true,&quot;loop_autoplay&quot;:&quot;endless&quot;,&quot;interval&quot;:4,&quot;loop_manual&quot;:&quot;manual-endless&quot;,&quot;autoplay_stopper&quot;:false,&quot;noNavigation&quot;:false,&quot;bg_slider&quot;:false,&quot;keep_padding&quot;:false,&quot;hoverpause&quot;:false,&quot;show_slide_delay&quot;:0}\"  itemprop=\"image\" itemscope=\"itemscope\" itemtype=\"https:\/\/schema.org\/ImageObject\" ><ul class='avia-slideshow-inner ' style='padding-bottom: 21.875%;'><li  class='avia-slideshow-slide av-jgxlc-393b6b0d914f00534be0db27f092082c__0  slide-1 slide-odd'><div data-rel='slideshow-1' class='avia-slide-wrap '   ><img decoding=\"async\" fetchpriority=\"high\" class=\"wp-image-83 avia-img-lazy-loading-not-83\"  src=\"https:\/\/www.ferienwohnung-hafeninsel-stralsund.de\/wp-content\/uploads\/2024\/09\/s2-hotel-kontorhaus_vombalkon.jpg\" width=\"960\" height=\"210\" title='s2 hotel-kontorhaus_vombalkon' alt=''  itemprop=\"thumbnailUrl\" srcset=\"https:\/\/www.ferienwohnung-hafeninsel-stralsund.de\/wp-content\/uploads\/2024\/09\/s2-hotel-kontorhaus_vombalkon.jpg 960w, https:\/\/www.ferienwohnung-hafeninsel-stralsund.de\/wp-content\/uploads\/2024\/09\/s2-hotel-kontorhaus_vombalkon-300x66.jpg 300w, https:\/\/www.ferienwohnung-hafeninsel-stralsund.de\/wp-content\/uploads\/2024\/09\/s2-hotel-kontorhaus_vombalkon-768x168.jpg 768w, https:\/\/www.ferienwohnung-hafeninsel-stralsund.de\/wp-content\/uploads\/2024\/09\/s2-hotel-kontorhaus_vombalkon-705x154.jpg 705w\" sizes=\"(max-width: 960px) 100vw, 960px\" \/><\/div><\/li><li  class='avia-slideshow-slide av-jgxlc-393b6b0d914f00534be0db27f092082c__1  slide-2 slide-even'><div data-rel='slideshow-1' class='avia-slide-wrap '   ><img decoding=\"async\" fetchpriority=\"high\" class=\"wp-image-84 avia-img-lazy-loading-not-84\"  src=\"https:\/\/www.ferienwohnung-hafeninsel-stralsund.de\/wp-content\/uploads\/2024\/09\/s3-mole.jpg\" width=\"960\" height=\"210\" title='s3 mole' alt=''  itemprop=\"thumbnailUrl\" srcset=\"https:\/\/www.ferienwohnung-hafeninsel-stralsund.de\/wp-content\/uploads\/2024\/09\/s3-mole.jpg 960w, https:\/\/www.ferienwohnung-hafeninsel-stralsund.de\/wp-content\/uploads\/2024\/09\/s3-mole-300x66.jpg 300w, https:\/\/www.ferienwohnung-hafeninsel-stralsund.de\/wp-content\/uploads\/2024\/09\/s3-mole-768x168.jpg 768w, https:\/\/www.ferienwohnung-hafeninsel-stralsund.de\/wp-content\/uploads\/2024\/09\/s3-mole-705x154.jpg 705w\" sizes=\"(max-width: 960px) 100vw, 960px\" \/><\/div><\/li><li  class='avia-slideshow-slide av-jgxlc-393b6b0d914f00534be0db27f092082c__2  slide-3 slide-odd'><div data-rel='slideshow-1' class='avia-slide-wrap '   ><img decoding=\"async\" fetchpriority=\"high\" class=\"wp-image-85 avia-img-lazy-loading-not-85\"  src=\"https:\/\/www.ferienwohnung-hafeninsel-stralsund.de\/wp-content\/uploads\/2024\/09\/s4-morgensilhouette.jpg\" width=\"960\" height=\"210\" title='s4 morgensilhouette' alt=''  itemprop=\"thumbnailUrl\" srcset=\"https:\/\/www.ferienwohnung-hafeninsel-stralsund.de\/wp-content\/uploads\/2024\/09\/s4-morgensilhouette.jpg 960w, https:\/\/www.ferienwohnung-hafeninsel-stralsund.de\/wp-content\/uploads\/2024\/09\/s4-morgensilhouette-300x66.jpg 300w, https:\/\/www.ferienwohnung-hafeninsel-stralsund.de\/wp-content\/uploads\/2024\/09\/s4-morgensilhouette-768x168.jpg 768w, https:\/\/www.ferienwohnung-hafeninsel-stralsund.de\/wp-content\/uploads\/2024\/09\/s4-morgensilhouette-705x154.jpg 705w\" sizes=\"(max-width: 960px) 100vw, 960px\" \/><\/div><\/li><li  class='avia-slideshow-slide av-jgxlc-393b6b0d914f00534be0db27f092082c__3  slide-4 slide-even'><div data-rel='slideshow-1' class='avia-slide-wrap '   ><img decoding=\"async\" fetchpriority=\"high\" class=\"wp-image-86 avia-img-lazy-loading-not-86\"  src=\"https:\/\/www.ferienwohnung-hafeninsel-stralsund.de\/wp-content\/uploads\/2024\/09\/s5-ozeaneum-stralsund.jpg\" width=\"960\" height=\"210\" title='s5 ozeaneum-stralsund' alt=''  itemprop=\"thumbnailUrl\" srcset=\"https:\/\/www.ferienwohnung-hafeninsel-stralsund.de\/wp-content\/uploads\/2024\/09\/s5-ozeaneum-stralsund.jpg 960w, https:\/\/www.ferienwohnung-hafeninsel-stralsund.de\/wp-content\/uploads\/2024\/09\/s5-ozeaneum-stralsund-300x66.jpg 300w, https:\/\/www.ferienwohnung-hafeninsel-stralsund.de\/wp-content\/uploads\/2024\/09\/s5-ozeaneum-stralsund-768x168.jpg 768w, https:\/\/www.ferienwohnung-hafeninsel-stralsund.de\/wp-content\/uploads\/2024\/09\/s5-ozeaneum-stralsund-705x154.jpg 705w\" sizes=\"(max-width: 960px) 100vw, 960px\" \/><\/div><\/li><\/ul><div class='avia-slideshow-arrows avia-slideshow-controls' ><a href='#prev' class='prev-slide ' aria-hidden='true' data-av_icon='\ue87c' data-av_iconfont='entypo-fontello'  tabindex='-1'>Zur\u00fcck<\/a><a href='#next' class='next-slide ' aria-hidden='true' data-av_icon='\ue87d' data-av_iconfont='entypo-fontello'  tabindex='-1'>Weiter<\/a><\/div><div class='avia-slideshow-dots avia-slideshow-controls'><a href='#1' class='goto-slide active' >1<\/a><a href='#2' class='goto-slide ' >2<\/a><a href='#3' class='goto-slide ' >3<\/a><a href='#4' class='goto-slide ' >4<\/a><\/div><\/div><\/div>\n<div id='av-layout-grid-1'  class='av-layout-grid-container av-g2mtc-25f753f68aa09db375b0af12bbc2703c entry-content-wrapper main_color av-flex-cells  avia-builder-el-1  el_after_av_slideshow_full  avia-builder-el-last  grid-row-not-first  container_wrap sidebar_right'  >\n<div class='flex_cell av-fg02s-72b3d7afdd3d311cfad7539934e49e68 av-gridrow-cell av_three_fourth no_margin  avia-builder-el-2  el_before_av_cell_one_fourth  avia-builder-el-first '  ><div class='flex_cell_inner'><p>\n<style type=\"text\/css\" data-created_by=\"avia_inline_auto\" id=\"style-css-av-m13aqzyo-5742929d55ab12ef53124e7aa3d346b2\">\n#top .av-special-heading.av-m13aqzyo-5742929d55ab12ef53124e7aa3d346b2{\npadding-bottom:10px;\n}\nbody .av-special-heading.av-m13aqzyo-5742929d55ab12ef53124e7aa3d346b2 .av-special-heading-tag .heading-char{\nfont-size:25px;\n}\n.av-special-heading.av-m13aqzyo-5742929d55ab12ef53124e7aa3d346b2 .av-subheading{\nfont-size:15px;\n}\n<\/style>\n<div  class='av-special-heading av-m13aqzyo-5742929d55ab12ef53124e7aa3d346b2 av-special-heading-h1 blockquote modern-quote  avia-builder-el-3  el_before_av_hr  avia-builder-el-first '><h1 class='av-special-heading-tag '  itemprop=\"headline\"  >Anfahrt und Lage<\/h1><div class=\"special-heading-border\"><div class=\"special-heading-inner-border\"><\/div><\/div><\/div><br \/>\n\n<style type=\"text\/css\" data-created_by=\"avia_inline_auto\" id=\"style-css-av-eizyk-73e7c37c9633eee783736bef47b09be7\">\n#top .hr.hr-invisible.av-eizyk-73e7c37c9633eee783736bef47b09be7{\nheight:50px;\n}\n<\/style>\n<div  class='hr av-eizyk-73e7c37c9633eee783736bef47b09be7 hr-invisible  avia-builder-el-4  el_after_av_heading  el_before_av_textblock '><span class='hr-inner '><span class=\"hr-inner-style\"><\/span><\/span><\/div><br \/>\n<section  class='av_textblock_section av-m13asv5g-47697733aef736bd4ca57d4fc11062d5 '   itemscope=\"itemscope\" itemtype=\"https:\/\/schema.org\/CreativeWork\" ><div class='avia_textblock'  itemprop=\"text\" ><p><strong>So erreichen Sie uns<\/strong><\/p>\n<p>Aus Richtung A20 den Wegweisern Richtung Sassnitz\/ Insel R\u00fcgen folgen, kurz vor der Auffahrt zur R\u00fcgenbr\u00fccke rechts in Richtung Hafen\/ Ozeaneum abbiegen (nicht auf die R\u00fcgenbr\u00fccke fahren!!).<br \/>\nAn der n\u00e4chsten Ampelkreuzung links Richtung Nordhafen\/ Ozeaneum abbiegen und dann der Strasse Richtung Ozeaneum folgen.<br \/>\n50m hinter dem Parkhaus des Ozeaneums liegt auf der rechten Seite das Hotel Kontorhaus.<\/p>\n<p><a href=\"https:\/\/www.google.de\/maps\/dir\/\/54.314158,13.098063\/@54.3141299,13.015663,12z\/data=!4m4!4m3!1m0!1m1!4e1?hl=de&amp;entry=ttu&amp;g_ep=EgoyMDI0MDkxMS4wIKXMDSoASAFQAw%3D%3D\" target=\"_blank\" rel=\"noopener\">\u25ba Routenplanung starten \u00a0<\/a><strong>Hinweis:<\/strong> Bei Klick auf den Link verlassen Sie die Website und \u00f6ffnen Google Maps!<\/p>\n<p>Kontakt<\/p>\n<p>Ferienwohnung auf der Hafeninsel Stralsund<br \/>\nRen\u00e9 Suske<br \/>\nAm Querkanal 1<br \/>\n18439 Stralsund<\/p>\n<p><a href=\"mailto:info@fewo-hafeninsel-stralsund.de\" target=\"_blank\" rel=\"noopener\">info@fewo-hafeninsel-stralsund.de<\/a><\/p>\n<\/div><\/section><br \/>\n\n<style type=\"text\/css\" data-created_by=\"avia_inline_auto\" id=\"style-css-av-dx5b4-0ba06189ad75f905817940ac622c1f93\">\n#top .hr.hr-invisible.av-dx5b4-0ba06189ad75f905817940ac622c1f93{\nheight:50px;\n}\n<\/style>\n<div  class='hr av-dx5b4-0ba06189ad75f905817940ac622c1f93 hr-invisible  avia-builder-el-6  el_after_av_textblock  avia-builder-el-last '><span class='hr-inner '><span class=\"hr-inner-style\"><\/span><\/span><\/div><\/p>\n<\/div><\/div><div class='flex_cell av-d84ro-f7d885bbd7e5c977ece7c8a5a45fc57c av-gridrow-cell av_one_fourth no_margin  avia-builder-el-7  el_after_av_cell_three_fourth  avia-builder-el-last '  ><div class='flex_cell_inner'><p>\n<style type=\"text\/css\" data-created_by=\"avia_inline_auto\" id=\"style-css-av-22ef8-55593c65954d5b2d253d1c72e77470e8\">\n.flex_column.av-22ef8-55593c65954d5b2d253d1c72e77470e8{\nborder-width:1px;\nborder-color:#b02b2c;\nborder-style:solid;\nbackground-color:#f8e6d8;\n}\n<\/style>\n<div  class='flex_column av-22ef8-55593c65954d5b2d253d1c72e77470e8 av_one_full  avia-builder-el-8  el_before_av_one_full  avia-builder-el-first  first flex_column_div  '     ><p>\n<style type=\"text\/css\" data-created_by=\"avia_inline_auto\" id=\"style-css-av-1igag-405fd5fa071e3f21a6890b3374c9c410\">\n.av_font_icon.av-1igag-405fd5fa071e3f21a6890b3374c9c410{\ncolor:#b02b2c;\nborder-color:#b02b2c;\n}\n.av_font_icon.av-1igag-405fd5fa071e3f21a6890b3374c9c410 .av-icon-char{\nfont-size:40px;\nline-height:40px;\n}\n<\/style>\n<span  class='av_font_icon av-1igag-405fd5fa071e3f21a6890b3374c9c410 avia_animate_when_visible av-icon-style- avia-icon-pos-center avia-icon-animate'><span class='av-icon-char' aria-hidden='true' data-av_icon='\ue854' data-av_iconfont='entypo-fontello' ><\/span><\/span><br \/>\n<div  class='avia-button-wrap avia-button-center  avia-builder-el-10  el_after_av_font_icon  avia-builder-el-last '>\n<style type=\"text\/css\" data-created_by=\"avia_inline_auto\" id=\"style-css-av-rlus-b4fe2f54065edd59e8681b60f4afbe6a\">\n#top #wrap_all .avia-button.av-rlus-b4fe2f54065edd59e8681b60f4afbe6a{\nfont-size:23px;\n}\n#top #wrap_all .avia-button.av-rlus-b4fe2f54065edd59e8681b60f4afbe6a:hover{\ncolor:white;\ntransition:all 0.4s ease-in-out;\n}\n<\/style>\n<a href='tel:+493831289819' class='avia-color-theme-color avia-font-color-theme-color avia-button avia-button-fullwidth av-rlus-b4fe2f54065edd59e8681b60f4afbe6a avia-icon_select-no avia-color-theme-color'   aria-label=\" +49 3831 289819\"><span class='avia_iconbox_title' > +49 3831 289819<\/span><span class='avia_button_background avia-button avia-button-fullwidth avia-color-theme-color-highlight'><\/span><\/a><\/div><\/p><\/div>\n<style type=\"text\/css\" data-created_by=\"avia_inline_auto\" id=\"style-css-av-bhzt4-3d97c45e58b35a7f232aa8cfb7432a23\">\n.flex_column.av-bhzt4-3d97c45e58b35a7f232aa8cfb7432a23{\nborder-width:1px;\nborder-color:#b02b2c;\nborder-style:solid;\npadding:5px 5px 5px 5px;\nbackground-color:#f8e6d8;\n}\n<\/style>\n<div  class='flex_column av-bhzt4-3d97c45e58b35a7f232aa8cfb7432a23 av_one_full  avia-builder-el-11  el_after_av_one_full  el_before_av_hr  first flex_column_div  column-top-margin'     ><p>\n<style type=\"text\/css\" data-created_by=\"avia_inline_auto\" id=\"style-css-av-b603g-1aa38a8738906da8e87992bd4ae2642c\">\n#top .av-special-heading.av-b603g-1aa38a8738906da8e87992bd4ae2642c{\npadding-bottom:10px;\n}\nbody .av-special-heading.av-b603g-1aa38a8738906da8e87992bd4ae2642c .av-special-heading-tag .heading-char{\nfont-size:25px;\n}\n.av-special-heading.av-b603g-1aa38a8738906da8e87992bd4ae2642c .av-subheading{\nfont-size:15px;\n}\n<\/style>\n<div  class='av-special-heading av-b603g-1aa38a8738906da8e87992bd4ae2642c av-special-heading-h2 blockquote modern-quote  avia-builder-el-12  el_before_av_hr  avia-builder-el-first '><h2 class='av-special-heading-tag '  itemprop=\"headline\"  >Hotel Kontorhaus Stralsund<\/h2><div class=\"special-heading-border\"><div class=\"special-heading-inner-border\"><\/div><\/div><\/div><br \/>\n\n<style type=\"text\/css\" data-created_by=\"avia_inline_auto\" id=\"style-css-av-ae3p4-04dcc19cf1492401f97699bef5556c69\">\n#top .hr.hr-invisible.av-ae3p4-04dcc19cf1492401f97699bef5556c69{\nheight:10px;\n}\n<\/style>\n<div  class='hr av-ae3p4-04dcc19cf1492401f97699bef5556c69 hr-invisible  avia-builder-el-13  el_after_av_heading  el_before_av_image '><span class='hr-inner '><span class=\"hr-inner-style\"><\/span><\/span><\/div><br \/>\n\n<style type=\"text\/css\" data-created_by=\"avia_inline_auto\" id=\"style-css-av-9qad8-cd16ddee09cdcd5fa2fd2e31781e1499\">\n.avia-image-container.av-9qad8-cd16ddee09cdcd5fa2fd2e31781e1499 img.avia_image{\nbox-shadow:none;\n}\n.avia-image-container.av-9qad8-cd16ddee09cdcd5fa2fd2e31781e1499 .av-image-caption-overlay-center{\ncolor:#ffffff;\n}\n<\/style>\n<div  class='avia-image-container av-9qad8-cd16ddee09cdcd5fa2fd2e31781e1499 av-styling- avia-align-center  avia-builder-el-14  el_after_av_hr  el_before_av_hr '   itemprop=\"image\" itemscope=\"itemscope\" itemtype=\"https:\/\/schema.org\/ImageObject\" ><div class=\"avia-image-container-inner\"><div class=\"avia-image-overlay-wrap\"><img decoding=\"async\" fetchpriority=\"high\" class='wp-image-370 avia-img-lazy-loading-not-370 avia_image ' src=\"https:\/\/www.ferienwohnung-hafeninsel-stralsund.de\/wp-content\/uploads\/2025\/02\/Hotel-Kontorhaus-300x225.jpg\" alt='' title='Hotel Kontorhaus'  height=\"225\" width=\"300\"  itemprop=\"thumbnailUrl\" srcset=\"https:\/\/www.ferienwohnung-hafeninsel-stralsund.de\/wp-content\/uploads\/2025\/02\/Hotel-Kontorhaus-300x225.jpg 300w, https:\/\/www.ferienwohnung-hafeninsel-stralsund.de\/wp-content\/uploads\/2025\/02\/Hotel-Kontorhaus-1030x773.jpg 1030w, https:\/\/www.ferienwohnung-hafeninsel-stralsund.de\/wp-content\/uploads\/2025\/02\/Hotel-Kontorhaus-768x576.jpg 768w, https:\/\/www.ferienwohnung-hafeninsel-stralsund.de\/wp-content\/uploads\/2025\/02\/Hotel-Kontorhaus-1536x1152.jpg 1536w, https:\/\/www.ferienwohnung-hafeninsel-stralsund.de\/wp-content\/uploads\/2025\/02\/Hotel-Kontorhaus-1500x1125.jpg 1500w, https:\/\/www.ferienwohnung-hafeninsel-stralsund.de\/wp-content\/uploads\/2025\/02\/Hotel-Kontorhaus-705x529.jpg 705w, https:\/\/www.ferienwohnung-hafeninsel-stralsund.de\/wp-content\/uploads\/2025\/02\/Hotel-Kontorhaus.jpg 1817w\" sizes=\"(max-width: 300px) 100vw, 300px\" \/><\/div><\/div><\/div><br \/>\n\n<style type=\"text\/css\" data-created_by=\"avia_inline_auto\" id=\"style-css-av-xiqo-f0d4c46cf5ec6dad23f411048ba059ba\">\n#top .hr.hr-invisible.av-xiqo-f0d4c46cf5ec6dad23f411048ba059ba{\nheight:10px;\n}\n<\/style>\n<div  class='hr av-xiqo-f0d4c46cf5ec6dad23f411048ba059ba hr-invisible  avia-builder-el-15  el_after_av_image  el_before_av_button_big  avia-builder-el-last '><span class='hr-inner '><span class=\"hr-inner-style\"><\/span><\/span><\/div><br \/>\n<div  class='avia-button-wrap avia-button-center  avia-builder-el-16  el_after_av_hr  avia-builder-el-last '>\n<style type=\"text\/css\" data-created_by=\"avia_inline_auto\" id=\"style-css-av-8i4jw-4abb0629100f11880c79af6d30f5428c\">\n#top #wrap_all .avia-button.av-8i4jw-4abb0629100f11880c79af6d30f5428c{\nfont-size:14px;\n}\n#top #wrap_all .avia-button.av-8i4jw-4abb0629100f11880c79af6d30f5428c:hover{\ncolor:white;\ntransition:all 0.4s ease-in-out;\n}\n<\/style>\n<a href='https:\/\/hotel-kontorhaus-stralsund.de\/' class='avia-color-theme-color avia-font-color-theme-color avia-button avia-button-fullwidth av-8i4jw-4abb0629100f11880c79af6d30f5428c avia-icon_select-yes-left-icon avia-color-theme-color' target=\"_blank\" rel=\"noopener noreferrer\" aria-label=\"zum Hotel Kontorhaus\"><span class='avia_button_icon avia_button_icon_left' aria-hidden='true' data-av_icon='\ue827' data-av_iconfont='entypo-fontello'><\/span><span class='avia_iconbox_title' >zum Hotel Kontorhaus<\/span><span class='avia_button_background avia-button avia-button-fullwidth avia-color-theme-color-highlight'><\/span><\/a><\/div><\/p><\/div>\n<style type=\"text\/css\" data-created_by=\"avia_inline_auto\" id=\"style-css-av-7zrwk-8d2efa9e8efd244608565708ceca7bf9\">\n#top .hr.hr-invisible.av-7zrwk-8d2efa9e8efd244608565708ceca7bf9{\nheight:10px;\n}\n<\/style>\n<div  class='hr av-7zrwk-8d2efa9e8efd244608565708ceca7bf9 hr-invisible  avia-builder-el-17  el_after_av_one_full  el_before_av_one_full '><span class='hr-inner '><span class=\"hr-inner-style\"><\/span><\/span><\/div><br \/>\n\n<style type=\"text\/css\" data-created_by=\"avia_inline_auto\" id=\"style-css-av-7lge8-6a9c369b2ca36e8ec2af8a573664ede1\">\n.flex_column.av-7lge8-6a9c369b2ca36e8ec2af8a573664ede1{\nborder-width:1px;\nborder-color:#b02b2c;\nborder-style:solid;\npadding:5px 5px 5px 5px;\nbackground-color:#f8e6d8;\n}\n<\/style>\n<div  class='flex_column av-7lge8-6a9c369b2ca36e8ec2af8a573664ede1 av_one_full  avia-builder-el-18  el_after_av_hr  el_before_av_hr  first flex_column_div  '     ><p>\n<style type=\"text\/css\" data-created_by=\"avia_inline_auto\" id=\"style-css-av-p9io-d0b791655222e869d0026d33250e3063\">\n#top .av-special-heading.av-p9io-d0b791655222e869d0026d33250e3063{\npadding-bottom:10px;\n}\nbody .av-special-heading.av-p9io-d0b791655222e869d0026d33250e3063 .av-special-heading-tag .heading-char{\nfont-size:25px;\n}\n.av-special-heading.av-p9io-d0b791655222e869d0026d33250e3063 .av-subheading{\nfont-size:15px;\n}\n<\/style>\n<div  class='av-special-heading av-p9io-d0b791655222e869d0026d33250e3063 av-special-heading-h2 blockquote modern-quote  avia-builder-el-19  el_before_av_hr  avia-builder-el-first '><h2 class='av-special-heading-tag '  itemprop=\"headline\"  >Kontakt<\/h2><div class=\"special-heading-border\"><div class=\"special-heading-inner-border\"><\/div><\/div><\/div><br \/>\n\n<style type=\"text\/css\" data-created_by=\"avia_inline_auto\" id=\"style-css-av-68fi4-6a23a568d5e2165bc8f053359d7eba20\">\n#top .hr.hr-invisible.av-68fi4-6a23a568d5e2165bc8f053359d7eba20{\nheight:10px;\n}\n<\/style>\n<div  class='hr av-68fi4-6a23a568d5e2165bc8f053359d7eba20 hr-invisible  avia-builder-el-20  el_after_av_heading  el_before_av_textblock '><span class='hr-inner '><span class=\"hr-inner-style\"><\/span><\/span><\/div><br \/>\n<section  class='av_textblock_section av-5usj4-06623af36c0dc8949600da1694af4f79 '   itemscope=\"itemscope\" itemtype=\"https:\/\/schema.org\/CreativeWork\" ><div class='avia_textblock'  itemprop=\"text\" ><p><strong>Anfragen zur Verf\u00fcgbarkeiten und Buchungen unter:<\/strong><\/p>\n<p>Ferienwohnung auf der Hafeninsel Stralsund<br \/>\nRen\u00e9 Suske<br \/>\nAm Querkanal 1<br \/>\n18439 Stralsund<\/p>\n<p><a href=\"mailto:info@fewo-hafeninsel-stralsund.de\">info@fewo-hafeninsel-stralsund.de<\/a><\/p>\n<p>Telefonische Anfragen sind auch \u00fcber das Hotel Kontorhaus m\u00f6glich:<br \/>\nTel: <a href=\"tel:+3831289819\">03831-289819<\/a><\/p>\n<\/div><\/section><br \/>\n\n<style type=\"text\/css\" data-created_by=\"avia_inline_auto\" id=\"style-css-av-4vbdc-fef60e2581507e2f3f0e7305cd9f3710\">\n#top .hr.hr-invisible.av-4vbdc-fef60e2581507e2f3f0e7305cd9f3710{\nheight:10px;\n}\n<\/style>\n<div  class='hr av-4vbdc-fef60e2581507e2f3f0e7305cd9f3710 hr-invisible  avia-builder-el-22  el_after_av_textblock  avia-builder-el-last '><span class='hr-inner '><span class=\"hr-inner-style\"><\/span><\/span><\/div><\/p><\/div>\n<style type=\"text\/css\" data-created_by=\"avia_inline_auto\" id=\"style-css-av-1j9w-a719c10c40ad983118d0ee1d0c046b5a\">\n#top .hr.hr-invisible.av-1j9w-a719c10c40ad983118d0ee1d0c046b5a{\nheight:10px;\n}\n<\/style>\n<div  class='hr av-1j9w-a719c10c40ad983118d0ee1d0c046b5a hr-invisible  avia-builder-el-23  el_after_av_one_full  el_before_av_one_full '><span class='hr-inner '><span class=\"hr-inner-style\"><\/span><\/span><\/div><br \/>\n\n<style type=\"text\/css\" data-created_by=\"avia_inline_auto\" id=\"style-css-av-3o16w-2906ba9ba6975d80b826a9486f43584a\">\n.flex_column.av-3o16w-2906ba9ba6975d80b826a9486f43584a{\nborder-width:1px;\nborder-color:#b02b2c;\nborder-style:solid;\npadding:5px 5px 5px 5px;\nbackground-color:#f8e6d8;\n}\n<\/style>\n<div  class='flex_column av-3o16w-2906ba9ba6975d80b826a9486f43584a av_one_full  avia-builder-el-24  el_after_av_hr  avia-builder-el-last  first flex_column_div  '     ><p>\n<style type=\"text\/css\" data-created_by=\"avia_inline_auto\" id=\"style-css-av-37gic-734a01af4ff58dca7bd6a0debc290c16\">\n#top .av-special-heading.av-37gic-734a01af4ff58dca7bd6a0debc290c16{\npadding-bottom:10px;\n}\nbody .av-special-heading.av-37gic-734a01af4ff58dca7bd6a0debc290c16 .av-special-heading-tag .heading-char{\nfont-size:25px;\n}\n.av-special-heading.av-37gic-734a01af4ff58dca7bd6a0debc290c16 .av-subheading{\nfont-size:15px;\n}\n<\/style>\n<div  class='av-special-heading av-37gic-734a01af4ff58dca7bd6a0debc290c16 av-special-heading-h2 blockquote modern-quote  avia-builder-el-25  el_before_av_hr  avia-builder-el-first '><h2 class='av-special-heading-tag '  itemprop=\"headline\"  >Anfahrt<\/h2><div class=\"special-heading-border\"><div class=\"special-heading-inner-border\"><\/div><\/div><\/div><br \/>\n\n<style type=\"text\/css\" data-created_by=\"avia_inline_auto\" id=\"style-css-av-2vzs0-801ba919c2fb6988c37fbd7bfa46efc9\">\n#top .hr.hr-invisible.av-2vzs0-801ba919c2fb6988c37fbd7bfa46efc9{\nheight:10px;\n}\n<\/style>\n<div  class='hr av-2vzs0-801ba919c2fb6988c37fbd7bfa46efc9 hr-invisible  avia-builder-el-26  el_after_av_heading  el_before_av_image '><span class='hr-inner '><span class=\"hr-inner-style\"><\/span><\/span><\/div><br \/>\n\n<style type=\"text\/css\" data-created_by=\"avia_inline_auto\" id=\"style-css-av-280i8-fb6d326d5cd8339e199c280d8b4531af\">\n.avia-image-container.av-280i8-fb6d326d5cd8339e199c280d8b4531af img.avia_image{\nbox-shadow:none;\n}\n.avia-image-container.av-280i8-fb6d326d5cd8339e199c280d8b4531af .av-image-caption-overlay-center{\ncolor:#ffffff;\n}\n<\/style>\n<div  class='avia-image-container av-280i8-fb6d326d5cd8339e199c280d8b4531af av-styling- avia-align-center  avia-builder-el-27  el_after_av_hr  el_before_av_textblock '   itemprop=\"image\" itemscope=\"itemscope\" itemtype=\"https:\/\/schema.org\/ImageObject\" ><div class=\"avia-image-container-inner\"><div class=\"avia-image-overlay-wrap\"><img decoding=\"async\" fetchpriority=\"high\" class='wp-image-131 avia-img-lazy-loading-not-131 avia_image ' src=\"https:\/\/www.ferienwohnung-hafeninsel-stralsund.de\/wp-content\/uploads\/2024\/09\/anfahrtsskizze_klein-1030x674.png\" alt='' title='anfahrtsskizze_klein'  height=\"674\" width=\"1030\"  itemprop=\"thumbnailUrl\" srcset=\"https:\/\/www.ferienwohnung-hafeninsel-stralsund.de\/wp-content\/uploads\/2024\/09\/anfahrtsskizze_klein-1030x674.png 1030w, https:\/\/www.ferienwohnung-hafeninsel-stralsund.de\/wp-content\/uploads\/2024\/09\/anfahrtsskizze_klein-300x196.png 300w, https:\/\/www.ferienwohnung-hafeninsel-stralsund.de\/wp-content\/uploads\/2024\/09\/anfahrtsskizze_klein-768x502.png 768w, https:\/\/www.ferienwohnung-hafeninsel-stralsund.de\/wp-content\/uploads\/2024\/09\/anfahrtsskizze_klein-705x461.png 705w, https:\/\/www.ferienwohnung-hafeninsel-stralsund.de\/wp-content\/uploads\/2024\/09\/anfahrtsskizze_klein.png 1231w\" sizes=\"(max-width: 1030px) 100vw, 1030px\" \/><\/div><\/div><\/div><br \/>\n<section  class='av_textblock_section av-1f1ls-6ff09a2946ce27fe141d00ef06069fdc '   itemscope=\"itemscope\" itemtype=\"https:\/\/schema.org\/CreativeWork\" ><div class='avia_textblock'  itemprop=\"text\" ><p><a href=\"https:\/\/www.ferienwohnung-hafeninsel-stralsund.de\/index.php\/anfahrt-und-lage\/\">Anfahrt und Lage<\/a><\/p>\n<\/div><\/section><br \/>\n\n<style type=\"text\/css\" data-created_by=\"avia_inline_auto\" id=\"style-css-av-13cb4-b85914049c75ddb4797d85d480090c53\">\n#top .hr.hr-invisible.av-13cb4-b85914049c75ddb4797d85d480090c53{\nheight:10px;\n}\n<\/style>\n<div  class='hr av-13cb4-b85914049c75ddb4797d85d480090c53 hr-invisible  avia-builder-el-29  el_after_av_textblock  avia-builder-el-last '><span class='hr-inner '><span class=\"hr-inner-style\"><\/span><\/span><\/div><\/p><\/div><\/p>\n<\/div><\/div><\/div>\n","protected":false},"excerpt":{"rendered":"","protected":false},"author":1,"featured_media":0,"parent":0,"menu_order":0,"comment_status":"closed","ping_status":"closed","template":"","meta":{"footnotes":""},"class_list":["post-36","page","type-page","status-publish","hentry"],"_links":{"self":[{"href":"https:\/\/www.ferienwohnung-hafeninsel-stralsund.de\/index.php\/wp-json\/wp\/v2\/pages\/36","targetHints":{"allow":["GET"]}}],"collection":[{"href":"https:\/\/www.ferienwohnung-hafeninsel-stralsund.de\/index.php\/wp-json\/wp\/v2\/pages"}],"about":[{"href":"https:\/\/www.ferienwohnung-hafeninsel-stralsund.de\/index.php\/wp-json\/wp\/v2\/types\/page"}],"author":[{"embeddable":true,"href":"https:\/\/www.ferienwohnung-hafeninsel-stralsund.de\/index.php\/wp-json\/wp\/v2\/users\/1"}],"replies":[{"embeddable":true,"href":"https:\/\/www.ferienwohnung-hafeninsel-stralsund.de\/index.php\/wp-json\/wp\/v2\/comments?post=36"}],"version-history":[{"count":13,"href":"https:\/\/www.ferienwohnung-hafeninsel-stralsund.de\/index.php\/wp-json\/wp\/v2\/pages\/36\/revisions"}],"predecessor-version":[{"id":413,"href":"https:\/\/www.ferienwohnung-hafeninsel-stralsund.de\/index.php\/wp-json\/wp\/v2\/pages\/36\/revisions\/413"}],"wp:attachment":[{"href":"https:\/\/www.ferienwohnung-hafeninsel-stralsund.de\/index.php\/wp-json\/wp\/v2\/media?parent=36"}],"curies":[{"name":"wp","href":"https:\/\/api.w.org\/{rel}","templated":true}]}}